Let v(l) = -2*l**3 - 15*l**2 + 12*l - 40. Let r be v(-12). Suppose -1 = -y, -5*h + 4*y = 6*y - r. Does 28 divide h?
False
Let a be 2*2/(4/7). Suppose -a*z - 10 = -8*z. Is 53 + (-2 - z/(-2)) a multiple of 14?
True
Let q(j) = -6*j**3 - 5*j**2 + 14*j - 14. Does 63 divide q(-7)?
True
Let h be 4/(-10)*(2 + -292 + 0). Suppose 7*g - 2*g + v = h, -4*v = g - 27. Does 23 divide g?
True
Let a be 1 + 881 + -2 + 2. Suppose -3*d + a = 3*g, -5*g - 3*d + 1456 = -5*d. Does 18 divide g?
False
Suppose -2*n = 3*s - 296, 3*n - 108 = 4*s - 480. Is s a multiple of 84?
False
Suppose 0 = -2*t, -2*l + 2*t = -517 - 477. Is 30 a factor of l?
False
Let w = 46 - 42. Is 20 a factor of ((-6)/(-5))/((w/(-1))/(-100))?
False
Let w(o) be the third derivative of -o**5/60 - 2*o**4/3 + 2*o**3 - 31*o**2. Is 8 a factor of w(-6)?
True
Let p = -54 + 32. Is ((-176)/(-3))/(p/(-33)) a multiple of 11?
True
Let s(t) be the first derivative of 0*t + 3*t**2 + 4/3*t**3 - 4. Does 23 divide s(-4)?
False
Let a(h) = -76*h - 16. Is 13 a factor of a(-5)?
True
Let t(g) = -g**3 - 15*g**2 - g + 20. Is 41 a factor of t(-16)?
False
Is 14 a factor of 48/(-20)*(-45)/6?
False
Let h(s) = 3*s**2 - 4*s + 7. Is h(-10) a multiple of 12?
False
Let t = -474 - -709. Is t a multiple of 5?
True
Let o be 11/(77/35)*(0 + 1). Let v(z) = -z**3 + 4*z + 4. Let s be v(-4). Suppose o*b - 2*b = 3*h + 129, 2*h = -b + s. Is 15 a factor of b?
False
Let f(p) = 6*p**2 + 3 + 11*p**2 - 1 - 1. Does 11 divide f(1)?
False
Let v = -2683 + 4603. Suppose 22*p = 30*p - v. Is 15 a factor of p?
True
Let b(i) = -57*i + 3 - 53*i + 106*i. Is 7 a factor of b(-8)?
True
Let d(n) = n**3 - 8*n**2 + 10*n - 4. Suppose 7*t - 32 = 2*t + 3*l, 4*t + 5*l - 33 = 0. Does 3 divide d(t)?
False
Suppose -3*s + f - 2 = 0, -5*s + 5*f - 10 = -0*s. Suppose -3*w + 5*a = -160, s = -2*a + 3*a - 4. Does 20 divide w?
True
Let c(o) = -6*o**3 - 5*o**2 - 4*o - 2. Is 39 a factor of c(-5)?
False
Suppose 4*n = -18 - 22. Let c be 1976/10 - n/25. Suppose 0 = 4*k - k - c. Is 22 a factor of k?
True
Let y be (-6)/(-1)*(-2)/(-4). Suppose -y*c = 4*x + x - 25, 5*x = 2*c. Suppose 0 = -3*g + x*v + 79, -5*g + v + 217 = 83. Does 10 divide g?
False
Let d = 67 - 76. Does 24 divide 18/(d/(-27)*6/19)?
False
Let z = -46 - 63. Let g = z - -161. Is 26 a factor of g?
True
Let k be 2 - -10 - (-8)/(-2). Does 33 divide (-10)/8 + 362/k?
False
Let k(r) = -r**3 + 21*r**2 - 11*r - 2. Is 18 a factor of k(18)?
False
Let j(i) = 456*i + 3. Does 18 divide j(1)?
False
Let j(f) = f. Let w(g) = -2*g**3 - g**2 - 7*g + 1. Let r(p) = 22*j(p) + 2*w(p). Let v = -64 - -61. Is 17 a factor of r(v)?
True
Suppose -3 = 2*s - 1. Does 35 divide (-1 - -133) + 2*s + -1?
False
Suppose 26 = 4*u - 30. Suppose 2 = 4*x - 3*x. Suppose x*c - 3*f - u = c, -8 = -4*f. Is c a multiple of 14?
False
Let y(w) = 8*w**3 - 6*w**2 + 7*w + 4. Is 17 a factor of y(3)?
True
Let m = -241 - -283. Is 3 a factor of m?
True
Suppose o = t + 1446, -3*t + 8 = -5*t. Is o a multiple of 103?
True
Suppose -u - 4 = 0, 3*u = o - 108 - 30. Suppose 9*i + o = 3*i. Does 6 divide (-4 + 3)*(-1 + i)?
False
Suppose -1 = 3*h - 10, 0 = -3*y + h + 264. Does 16 divide y?
False
Let a(p) = -p**2 + 30*p - 12. Suppose 2*o + 14 = 3*o. Is 24 a factor of a(o)?
False
Suppose 0 = 2*o - 3*t + 129, -5*o = 2*t + 150 + 144. Let a = o - -76. Is 16 a factor of a?
True
Let i(j) = 55*j + 7. Let u be i(-5). Does 22 divide u/(-2) - 38/19?
True
Let f be (2/3)/(3/54). Let s be 17 + 0 - (f + -10). Is 8 a factor of (-60)/s - (-1 - 19)?
True
Let z = -5 - 3. Let g(u) = u**3 + 8*u**2 - 2*u - 1. Is g(z) a multiple of 4?
False
Let x(s) = -s**3 + s**2 + 2*s. Let n be x(2). Suppose n = -2*j - 3*j + 25. Is 5 a factor of (4/j)/(7/105)?
False
Suppose -5*j = 25, -q + 4*j + 34 = 2*j. Let s = q + 69. Is 5 a factor of s?
False
Suppose 0 = 3*j + 4*j - 21. Suppose -6 = 3*m, 101 - 6 = j*i + 2*m. Is i a multiple of 11?
True
Suppose 2*u - q - 347 = -4*q, 344 = 2*u + 2*q. Does 9 divide u?
False
Suppose -33*w = -5*z - 35*w + 1465, -z - w + 290 = 0. Does 2 divide z?
False
Is 19 a factor of 2*(1*-6 + 20712/16)?
False
Suppose -2*i + 146 = 65*d - 64*d, d - 3*i - 166 = 0. Does 22 divide d?
True
Suppose 0 = i + 3*h - 404, -6*i + i + 2040 = 5*h. Does 41 divide i?
True
Let k be (-2097)/12 + 3/(-12). Let c = k - -265. Is 15 a factor of c?
True
Suppose -5*t = -3*f - f + 7723, 0 = 4*f - 4*t - 7724. Is 84 a factor of f?
True
Let b(q) = 166*q**2 - 8*q + 4. Let m be b(2). Suppose m = 7*a - 3*a + 5*i, 0 = -5*i - 20. Is a a multiple of 21?
True
Is (-24111)/(-99) - (1 + 10/(-22)) a multiple of 8?
False
Suppose 0 = -5*m - 358 + 1078. Is m a multiple of 9?
True
Suppose 5*p - 2*t - 17 = 0, 5*p + 2*t + 0*t = 33. Let x(q) = q**2 + 4*q + 7. Let m be x(p). Suppose -k - 5*f + 0*f = -m, f - 140 = -5*k. Is k a multiple of 16?
False
Let r = -12 + 14. Suppose 6 = h + r*h. Suppose h*n - 6*n + 24 = 0. Is 2 a factor of n?
True
Is 200/24 + 20/12 a multiple of 2?
True
Does 34 divide (17/3)/(13/1014)?
True
Suppose 3*i + 3*i = 0. Let d = 0 + i. Suppose -t - 374 = -4*t - 2*j, d = 5*t - 5*j - 665. Does 33 divide t?
False
Suppose 252*s - 55746 = 234*s. Is 19 a factor of s?
True
Let f(h) = -h + 40. Let j be f(11). Let d = 13 + j. Is d a multiple of 7?
True
Suppose 0 = 9*z - 2046 - 105. Suppose 2*a + z = 5*d, -4*a = -d - 4*d + 243. Does 15 divide d?
False
Let s be (-12)/21*14/(-4). Suppose -j = -7 + s. Suppose -j*k - 3*n = -119, 0 = 4*k - 6*k - n + 47. Is 11 a factor of k?
True
Suppose -103*g + 672 = -100*g. Is g a multiple of 4?
True
Suppose 2*r + 96 = 3*b, -5*r + 135 = 5*b - 0*r. Suppose 4*m - b = 18. Is 5 a factor of m?
False
Let m(k) = 4*k**3 + 5*k**2 + 3*k + 4. Let u be m(-6). Let g = -478 - u. Is g a multiple of 22?
True
Suppose -5*o - 13*q + 1492 = -11*q, 5*q = -5*o + 1495. Is 3 a factor of o?
False
Let z = 1556 - 836. Does 17 divide z?
False
Let x = 41 - 38. Suppose -4 = x*d - c - 28, -4*d + 43 = -5*c. Is d even?
False
Suppose -5 = -2*v - 1. Suppose -4*u = -2*u + v. Let n(d) = -47*d**3 - d**2 - d. Does 17 divide n(u)?
False
Let q be (-2)/(-4) + (-72)/(-16). Suppose -q*s = -0 - 10. Suppose -3*k + 2*l = -l - 54, -s*k + 45 = l. Is k a multiple of 7?
True
Suppose 0 = -13*w + 295 + 56. Is 5 a factor of w?
False
Suppose 0*s + 2*n + 4244 = 5*s, -5*n + 838 = s. Does 18 divide s?
False
Suppose 17 + 9 = 13*p. Is 5 a factor of 381/21 + p - (-1)/(-7)?
True
Suppose -6*o = -5*o. Let l = o - -2. Let n(z) = 3*z**2 - 4*z + 1. Is 2 a factor of n(l)?
False
Let u be ((-8)/12)/((-1)/18). Suppose -74 = 11*q - u*q. Is q a multiple of 11?
False
Suppose 2*z + 759 = 5*i, -2*i + 0*i + 298 = 2*z. Suppose -4*y = 5*l - i, y + 3*l = -2*l + 49. Is 5 a factor of y?
False
Suppose -11*a + 53*a - 64260 = 0. Is 34 a factor of a?
True
Let o(h) = -57 + 26 + 7*h**2 + h**3 + h + 29. Does 7 divide o(-6)?
True
Is 32 a factor of 0 - (82 + 6)/(1/(-16))?
True
Let l = 22 + -32. Let w = l + 18. Is 2 - w*19/(-2) a multiple of 15?
False
Suppose -8*h - 5*w = -3*h - 9685, 0 = -5*w + 15. Does 28 divide h?
False
Let p(a) = 2*a**2 - 17*a - 21. Is 8 a factor of p(-11)?
True
Let w = 116 - 49. Is w a multiple of 6?
False
Let q be 3/(-6)*(-4 - 0). Suppose 0 = -g + 3*b + 10, 2*g - 3*b - q = 3*g. Suppose -i + 5*l + 16 = -61, -i + g*l = -76. Is i a multiple of 16?
False
Let j be -8*((-62)/(-16) + -4). Let x(i) = 26*i**2 + 1. Let t be x(j). Does 6 divide 6/t - (-410)/18?
False
Let y(x) = 4*x + 13. Let o(a) = -3*a - 12. Let h(s) = -5*o(s) - 4*y(s). Let c be h(6). Suppose -c*b = 3*b - 180. Does 12 divide b?
True
Let a = -4 + 151. Does 13 divide a?
False
Let s(y) = 11*y**2 + 9*y + 10. Is 88 a factor of s(-6)?
True
Suppose 0 = r - 237 + 59. Let b = r - 126. Is 7 a factor of b?
False
Suppose -4*s + 800 = -4*o, -s - 2*o = -4*o - 203. Is s a multiple of 86?
False
Let w(x) = 5 - 2 + 2*x - 3*x - 1. Let o be w(4). Let j = o - -6. Is j a multiple of 2?
True
Let w = 2476 + -1732. Is 112 a factor of w?
False
Suppose 3407*p = 3414*p - 4368. Does 4 divide p?
True
Let a be 2 - 1 - (-12)/(-2). Let t = a - -5. Suppose t = -m - 4*m + 110. Is 9 a factor of m?
False
Let x = 330 - 317. Is x a multiple of 3?
False
Is 38 a factor of (2 + 530)/(((-20)/1)/(-10))?
True
Let w = 290 + -731. Let g = -292 - w. Is g a multiple of 27?
False
Let i(n) = -2*n - 8. Let y be i(-5). Let z(u) = 3*u**3 + 2*u**2 - 2*u + 2. Let t be z(y). Suppose 